se 0 = -2*j - 4*c - 4, c - 8 + 0 = -5*j. Suppose j*z + 34 = 4*s, -5*s + 0*s + 65 = -5*z. Is u(z) a prime number?
True
Suppose 6 = 4*b - 14. Let o be -1 + ((-46)/(-4))/(b/10). Suppose 804 = 2*r + o. Is r composite?
True
Suppose 1276*x = 1269*x + 231. Suppose -82152 = -x*r + 115221. Is r a composite number?
False
Let i = -45 + 56. Suppose -32 = 3*x - i*x. Suppose x*n = 163 - 87. Is n a prime number?
True
Let k(s) = -s**3 + 2*s**2 + 1386*s + 64. Is k(-45) prime?
True
Let s = -168077 + 255000. Is s composite?
False
Let b(f) = -5566*f + 18. Let i be b(-8). Is i - (0 - -9 - 0) prime?
True
Let p(h) = -h**2 + 63*h - 116. Let j be p(34). Is (j - -9) + 1 + -1 a composite number?
True
Suppose 0 = -176*o + 167*o - 32319. Let g = 9370 + o. Is g a composite number?
False
Suppose -3 = -0*p + 5*p - 3*h, 0 = 4*p - 3*h + 3. Suppose p = -5*s - c + 3455, 0*c = c. Is s a composite number?
False
Is (153/27 + 2)/(40115/(-10029) + 4) a prime number?
False
Let h be 27/6 + (0 - 2/4). Suppose 2*z - h = 2*r, -8 = -r - 5*z - 4. Is (4/(-1) - -3141)*(-1)/r a prime number?
True
Let z(d) = 299*d**2 + 192*d - 14. Is z(-15) prime?
True
Suppose a + 2238 = 3*m, 4*a = 3*a - m - 2230. Let r = a + 6485. Is r prime?
True
Suppose 1869 = 2*j + 3*a, 8 - 11 = 3*a. Let u = j - 19. Is u a composite number?
True
Suppose v - 5*v + 2596 = 4*c, 3*c = -2*v + 1301. Let y be (4 - (-35)/(-10))*v. Let x = -201 + y. Is x composite?
True
Let l = 8819 + 216. Suppose 0*u = 5*u - l. Is u a prime number?
False
Let o(u) = u. Suppose 3*z = -43 + 40. Let h(x) = 104*x - 14. Let l(p) = z*o(p) + h(p). Is l(3) prime?
False
Let u = 2194 + 3715. Is u composite?
True
Let j = -28198 - -51279. Is j a composite number?
False
Let d(m) = 590*m**2 - 10*m + 44. Let f be d(4). Is (f/(-18))/((-4)/18) a composite number?
True
Let v(n) = -5*n**3 + 26*n**2 + 9*n + 71. Is v(-27) a prime number?
False
Suppose 262*j = 392*j + 490*j - 105789980. Is j composite?
True
Let y = 11574 + -5245. Is y a composite number?
False
Let f = 163550 - 100869. Is f composite?
True
Let v = 87004 + 306655. Is v prime?
False
Let g = -70 - -79. Let t be (g/((-27)/42))/(-2). Let p(n) = 63*n - 22. Is p(t) a prime number?
True
Suppose -73*x = 276*x + 20858131 - 173328902. Is x a prime number?
False
Let n(v) = -22*v**3. Let z be 88/(-104) - 2*(-1)/(-13). Let y be n(z). Is -5465*(-1)/11 + y/121 composite?
True
Let a(i) = 23*i - 20. Let l(s) = -48*s + 42. Let x(c) = 11*a(c) + 6*l(c). Is x(-9) a composite number?
False
Let q(f) = -2909*f - 40. Let l be q(4). Let i be l + (-1)/(1/2). Let x = 17691 + i. Is x a prime number?
False
Suppose 0 = 33*i - 37*i - 34220. Let s = -5918 - i. Suppose -10*h + h + s = 0. Is h prime?
True
Suppose 14*w = 12*w + 430886. Let k = w + -124214. Is k a prime number?
True
Is (500405/10)/(((-63)/6)/(-21)) a prime number?
False
Let d(y) = -y**2 + 5*y. Let t be d(5). Suppose -699*k + 720*k = 107625. Suppose t = 5*f - 1140 - k. Is f prime?
False
Suppose -3*n = g - 1220225, -g = -13*n + 14*n - 406743. Is n composite?
True
Suppose -35*s = -44*s + 630414. Is s composite?
True
Let w(c) = -3*c**3 + 3*c**2 + 68*c + 1583. Is w(-23) a prime number?
False
Let p(o) = 34*o**2 + 2*o - 2. Let x be p(-6). Suppose -3*g + 1583 = -x. Let i = g + -509. Is i prime?
False
Let d(o) = -1230*o - 2347. Is d(-107) composite?
False
Let f(g) = 64*g + 73 + 113*g + 14*g - 38*g. Suppose -3*q = -5*k + 71, 3*q + 6 = 15. Is f(k) prime?
True
Suppose -40 = -25*q + 15*q. Suppose 0 = -2*r - q*r + 4134. Is r a prime number?
False
Suppose -8 = 175*r - 179*r, -3*r - 58317 = -3*b. Is b composite?
False
Let c = -19 + 26. Suppose c*y + 42 = 14*y. Suppose -198 = y*n - 12*n. Is n a prime number?
False
Let a(w) = -3121*w + 1459. Is a(-44) a composite number?
True
Suppose -69235 = -8*n + 171645. Suppose 13*t - n = 3*t. Is t a composite number?
False
Suppose -68366 = -4*n - 34*n + 118556. Is n prime?
True
Let p = 65 - 91. Let u be (3316/(-5))/(p/65). Suppose 11453 = 5*j + u. Is j a prime number?
False
Suppose -10*v = v - 22. Suppose 2*u - v = 0, -2*g = -3*g + 4*u + 105. Is g prime?
True
Let q = -34 - -39. Suppose -5*d + 10 - 151 = -c, -q*c + 728 = -2*d. Is c a composite number?
True
Let l(b) = -8*b**3 - 10*b**3 - 23*b**2 + 17*b**3 - 11*b - 2*b**2 + 33. Let z be l(-22). Is 40/5*(-3)/(-6) - z prime?
True
Let i(q) = 766*q - 41. Suppose -6*a + 29 = -43. Is i(a) a prime number?
True
Suppose 101 = -8*c + 29. Is 19/((-38)/(-42128)) - c prime?
False
Let q be (-1)/(3/2) + (-6084)/(-54). Suppose q*n = 105*n + 39473. Is n a prime number?
True
Let t(l) = l**3 - l**2 + 2*l + 22. Let c be t(0). Let d(y) = -2*y**2 - 19*y - 5. Let h(j) = 3*j**2 + 37*j + 10. Let r(u) = -5*d(u) - 3*h(u). Is r(c) composite?
False
Let c = 1766892 - 1211405. Is c a composite number?
False
Suppose 5*h - 1420 = 4*n + 6797, 0 = 5*n + 5*h + 10260. Let l = -3052 + n. Let y = l - -10020. Is y prime?
False
Let x(t) = 1878*t**2 - 9*t - 22. Is x(-4) a prime number?
False
Suppose -3*y + 63151 = -4*d, -5*y - 8164 + 113423 = -3*d. Is y a prime number?
False
Suppose -x - 2*l + 5139 = 718, -6*x - 2*l + 26486 = 0. Is x composite?
True
Let b(d) = -4*d - 59. Let l be b(-16). Suppose 4*y - 12591 = -3*m, l*m - 8414 = 3*m + 4*y. Is m prime?
True
Suppose -67679 = -11*n + 10*n + 5*c, -2*n + 135358 = c. Is n prime?
True
Let v = 209 - 207. Suppose 3*h - v*h - 82 = w, 2*h = 4*w + 162. Is h composite?
False
Suppose 3*u + 0 - 9 = 0. Suppose -5*j - 25 = 0, 3*z + u*j = z + 1769. Suppose 16*w - z = 12*w. Is w prime?
True
Let c = 149 - 152. Let k(m) = 27*m**2 - 6*m - 10. Is k(c) prime?
True
Let z(x) = 319*x**3 - 12*x**2 + 28*x + 67. Is z(6) composite?
True
Let s = -266 - -268. Suppose -s*c + 2114 = 2*h, 3*h - 2*c = -c + 3187. Is h a prime number?
True
Let v(w) = 600*w**2 + 37*w - 7. Is v(-4) a composite number?
True
Let u(n) = 8*n**2 + 83*n - 382. Is u(35) a composite number?
False
Let t(j) = 12 - 15*j**2 + 2*j - 19*j**2 - 11. Let n be t(-2). Let h = 552 + n. Is h prime?
False
Let z be 6/(-12) - (-6)/(-4). Is 6/z*6158/(-6) composite?
False
Let w(d) = -416*d**3 + 2*d + 1. Let c = 29 - 19. Let o(a) = -a + 9. Let m be o(c). Is w(m) prime?
False
Let n = 7137 + -2533. Is (n + -1)*(-5)/(-5) a composite number?
False
Suppose 0 = -5*p + 7*r - 3*r + 5753, -2*r - 4 = 0. Suppose -o = -4*n - 395, -3*o + 5*n - 2*n = -p. Is o a prime number?
True
Let a(m) = -m**3 - 15*m**2 - 12*m + 2. Let p be a(-14). Is p/(-78) + (-19508)/(-3) composite?
True
Suppose -10*r + 49383684 = 120*r - 4*r. Is r prime?
False
Is (-1476258)/(-21)*(15/(-6) + 6) composite?
True
Let w = 42566 + -21099. Is w a composite number?
False
Let s(o) be the third derivative of -37*o**4/8 - 5*o**3/3 + o**2. Let j be (1 + -15)*2/4. Is s(j) a prime number?
False
Suppose -3*a + 129421 = 2*n, -43166 = -a + 28*n - 25*n. Is a a composite number?
True
Suppose 7*k + j - 138712 = 64809, 2*k - 58145 = j. Is k a composite number?
True
Let r be (-6)/(-4)*(-20)/45*-6. Is (149032/6 - 2)*6/r a prime number?
False
Let d be 194/((-4)/38*-1). Let q be ((36/(-2))/(25/(-135)))/((-2)/(-60)). Let x = q - d. Is x a composite number?
True
Let f be (-6)/(-33) + 1 + 53/11. Is 1/((30/7195)/f) prime?
True
Let l(x) = 4*x**2 + 19*x + 66. Let r(w) = -6*w**2 - 16*w - 65. Let k(f) = -5*l(f) - 4*r(f). Is k(-11) prime?
False
Suppose 0 = 16*r - 13*r, r + 1024269 = 2*t + t. Is t a composite number?
False
Let p(v) = 849*v**2 + 78*v - 2183. Is p(26) a prime number?
False
Let g(t) = -6995*t + 13724. Is g(-46) prime?
False
Let x = 12773 + 2006. Is x composite?
False
Let a(f) = -34 + 57*f**2 - 38 + 39*f + 79. Is a(8) a prime number?
True
Suppose 12490 = 3*a + 5*v - 13033, -5*v - 8481 = -a. Let m = a + -2731. Suppose 2*h + 4*z = 2998, 3*h = 3*z - 1273 + m. Is h a composite number?
False
Let g = 14926 - 10453. Suppose 5*h - g = -3*z - z, 0 = -2*z - 6. Is (92/6)/(26/h) composite?
True
Suppose -3*c + 6*c = 12. Suppose 2*t + 782 + 360 = 2*n, -2300 = -c*n - 4*t. Let r = -194 + n. Is r a prime number?
True
Let n = 415720 + 438771. Is n prime?
False
Let a(z) = z**2 + z - 1. Let m(q) = -5*q + 34*q**3 + 12 - 3*q**2 - 2*q**2 - 4*q**2. Let u(k) = 5*a(k) + m(k). Is u(3) prime?
False
Let m(a) = 5008*a**2 + a - 666. Is m(-17) a prime number?
True
Let v = 38 - 56. Let w be -2*3/v*2*-3. Is -3 + (1048 + w + -4 - 0) composite?
False
Suppose -1214 = 2*v - 240